-8). Let l = 165 + -135. What is the greatest common factor of l and f?
10
Let j be 2 + (2 + -3 - -2). Suppose -2*c - 5*b = -77, 0 = -j*b - 0 + 3. Suppose -415*y + 1536 = -287*y. Calculate the highest common factor of c and y.
12
Let o(c) = -21*c**2 + 7*c + 3. Let s be o(4). Let k = s + 561. Calculate the greatest common factor of k and 160.
32
Suppose -o - 5811 = -4*r + 1600, -2*r - o = -3713. Calculate the greatest common factor of 72 and r.
18
Suppose 430390 = 176*j - 6*j - 29970. Calculate the highest common factor of j and 20.
4
Let n(h) = h**3 + 152. Let c be n(0). Suppose 1970*p - 1220 - 1412 = 1641*p. Calculate the greatest common divisor of c and p.
8
Let f = -128 - -235. Let a = 106 - f. Let i be 209*(a + 4)/3. What is the highest common divisor of 11 and i?
11
Suppose x + 1 = -4*g, -5*x + g - 5*g = -11. Let t be 14 + (-1)/(x/15). Calculate the highest common divisor of 225 and t.
9
Let o = 128 - 71. Let l be 2 - (-3 - (o + 1)). Let w = -517 + 524. What is the greatest common factor of l and w?
7
Let n be ((14/12)/(511/657))/((-3)/(-588)). Calculate the greatest common divisor of n and 78.
6
Let z = -1829 + 1864. What is the greatest common factor of z and 259?
7
Let l = 112 + -62. Let j be (200/(-7))/(2/(-4) + (-65)/(-182)). Calculate the greatest common factor of j and l.
50
Let b be -3*2/(-6) - -16. Let i(k) = -11*k - 73. Let a = -12 + -7. Let m be i(a). Calculate the greatest common factor of m and b.
17
Suppose 0 = -3*j + 3*f - 3, 2*j + f + 0*f = 7. Suppose 2*z = 2*w - 50, -17 - 37 = -j*w + 3*z. Calculate the greatest common factor of w and 399.
21
Let g(u) = -u**3 + 27*u**2 + 37*u - 148. Let f be g(28). What is the greatest common factor of f and 3208?
8
Let h(x) = 5*x**2 - 57*x + 452. Let u be h(36). What is the greatest common factor of u and 61?
61
Let n be (-14)/(-5) - 5/(-25). Let l(x) = 19*x**2 + 454*x - 33. Let m be l(-24). Calculate the greatest common divisor of n and m.
3
Suppose -17*l = -4*p - 14*l - 309, -2*l = -2*p - 152. Let o = -17 - p. What is the highest common factor of o and 512?
64
Let i(b) = -3*b**2 + 32*b + 4. Let r be i(10). Suppose 3*o - 3 = -19*k + r*k, o = 5*k + 1. What is the greatest common divisor of 5 and o?
1
Let l = 51104 + -51059. Let r = 146 + -102. Suppose 0 = 4*d - 4*p - r, p + 0*p - 64 = -4*d. Calculate the highest common divisor of d and l.
15
Suppose -p - y + 11 = p, p = -2*y + 1. Suppose p*a - 52 = 25. Suppose a = w - 6. Calculate the highest common factor of w and 68.
17
Suppose -983*h + 986*h - 4356 = 0. Suppose 70*z + h = 76*z. Calculate the greatest common divisor of z and 22.
22
Let u(k) = k**2 - 172*k + 30. Let d be u(0). What is the highest common factor of d and 2190?
30
Suppose 3*l = 4*k + 328, 3*k - 141 = -5*l + 396. Let d(p) = -14*p. Let h be d(-8). Let u = h - l. What is the greatest common divisor of u and 2?
2
Let f = 12512 + 5175. Calculate the highest common divisor of f and 23.
23
Suppose -8*o + 11*o = -9*o + 6144. Calculate the greatest common factor of 48 and o.
16
Let m(f) = -23*f - 6. Let q be m(-6). Let r be q/8 - (-3)/6. Let t = 1056 + -869. What is the highest common factor of t and r?
17
Let n be (-42)/210 + 1/5. Let j be -1*(-1452)/(16/4). Suppose n = 5*h - j - 492. What is the highest common divisor of 19 and h?
19
Let q be (1345/4842 + (-2)/(-36))/(2/1140). Calculate the highest common divisor of q and 49970.
190
Let w(p) = 12*p**2 - 10*p + 16. Let g(q) = 2*q + 2. Let h be g(0). Let m be w(h). Calculate the greatest common factor of 11 and m.
11
Let k be ((-153)/459)/((-1)/(-2)*(-6)/207). Calculate the greatest common factor of k and 7751.
23
Suppose 3*t - 7*g - 3892 = 0, 5*t - g - 4285 = 2223. Calculate the highest common factor of t and 84.
42
Suppose -30 + 96 = 2*b. Suppose n + 3*w - 49 = 4*w, 3*n - 152 = 4*w. What is the highest common factor of n and b?
11
Let r be 1008/40 - (8/(-20) - (-24)/15). Let c = 293 + -209. What is the greatest common divisor of c and r?
12
Let f = 107 - 104. Let m(k) = 22*k + 8. Let g be m(f). Suppose -5*n + g = 19. Calculate the highest common factor of n and 33.
11
Let k = 7035 + -5501. What is the highest common factor of k and 78?
26
Let h(z) = 18*z - 378. Let b be h(35). What is the highest common divisor of b and 108?
36
Suppose 0 = 4*m - 15 - 61. Let s = 59 - m. Suppose 352 = 173*o + 16*o - 593. Calculate the highest common divisor of s and o.
5
Let m(u) = -12*u**2 + 2*u + 28. Let n be m(10). Let g = n + 2197. What is the highest common divisor of 55 and g?
55
Suppose 0 = -10*t + 5*t + 95. Suppose t*i = 9*i + 2070. Calculate the greatest common divisor of i and 23.
23
Let c = 117 - 9. Suppose -5*n + 485 = 475, -n + 434 = 3*x. What is the highest common divisor of c and x?
36
Let n(d) be the second derivative of d**4/3 - d**3/3 - 3*d**2/2 + 36*d. Let m = 8 - 6. Let h be n(m). What is the greatest common divisor of h and 63?
9
Let a = 581 + -591. Let q(g) = -49*g - 292. Let j be q(a). What is the highest common factor of 66 and j?
66
Let k = -607 + 610. Let l(h) = -8*h - 7. Let t(u) = -u**3 - 12*u**2 + u + 7. Let a be t(-12). Let m be l(a). Calculate the greatest common factor of k and m.
3
Suppose 10*i - 5*b - 623 = 6*i, -4*b = -5*i + 772. What is the highest common factor of 874 and i?
38
Suppose -3*x - 5*z - 60 = 0, 7*x + 4*z + 60 = 4*x. Let o be ((-185)/x - 8)*12. What is the greatest common factor of o and 50?
5
Let n(k) = 140*k + 36. Let y be n(13). Let s be y/24 + 2/3 + -1. Let z = s - 71. Calculate the highest common divisor of z and 30.
6
Suppose -z = -325*y + 326*y - 94, y - 4*z = 44. Let f = -119 + 329. What is the highest common divisor of f and y?
42
Let s be ((-39)/(-312) - (-28)/288) + (-70)/(-9). Calculate the greatest common divisor of s and 50744.
8
Let r(a) be the third derivative of -a**5/60 - 5*a**4/8 - 5*a**3/3 - 9*a**2 + 2*a. Let b be r(-13). What is the greatest common factor of 2 and b?
2
Suppose -25*d + 18*d = 231. Let a be 4 + 6/33 + (-1644)/d. Calculate the highest common divisor of a and 81.
27
Let d = -20 + 12. Let n be d/32 - (-1)/4. Suppose x = -2*k + 84, -3*x + 4*k + 240 + 22 = n. What is the highest common divisor of 215 and x?
43
Let n(v) = -134*v**3 + 2*v**2 + 4*v + 4. Let o be 1*(0 - 3)*(-13)/(-39). Let y be n(o). What is the greatest common divisor of y and 12?
4
Suppose -6*a + 4*a = -352. Let y(f) = -26*f + 19. Let g be y(7). Let v = 185 + g. What is the greatest common divisor of a and v?
22
Suppose -11*t = 26*t - 592. Suppose -28 = -5*z - t*c + 15*c, 0 = 3*z + 5*c - 8. Calculate the highest common divisor of 18 and z.
6
Let m be (-4 + 480/56)/(106/371). Let q(s) = s**3 - 3*s**2 + 1. Let x be q(3). What is the highest common factor of x and m?
1
Let c = 437 - -588. What is the highest common factor of 4305 and c?
205
Let d(w) = -w**2 - 137*w - 4558. Let b be d(-64). Calculate the highest common factor of b and 14478.
114
Let l be (-42)/(-11) - (-202)/1111. Calculate the highest common divisor of 15600 and l.
4
Suppose 5 = -0*v + 3*v + 2*y, 3*v + 3*y = 0. Suppose l - 5 = 3*l + v*z, -4*z = l + 7. Suppose -l*s + 4*s = -2. What is the greatest common divisor of s and 2?
2
Suppose -3*w = -9*w + 174. Let t(l) = 10 + 13 - w*l - 16. Let u be t(-5). Calculate the greatest common factor of u and 38.
38
Let s be (-15)/(-6)*(5 - 1141/175)*-10. Calculate the greatest common divisor of s and 1615.
19
Suppose 0 = 6528*p - 6541*p + 11492. Calculate the highest common factor of 612 and p.
68
Suppose 11*q + 45 = 20*q. Suppose 0 = q*l - 16*y + 14*y - 267, y - 4 = 0. What is the highest common factor of l and 1760?
55
Let d(p) = p**2 + 18*p + 19. Let v be d(-17). Suppose 36 - 58 = -v*c. Suppose -20 = 4*s + s, -5*s - 328 = -4*y. Calculate the highest common factor of c and y.
11
Let t = -9226 + 9275. What is the highest common factor of 1757 and t?
7
Let g(k) = 13*k - 19. Let v be 58/18 - 50/225. Let u be g(v). Let r = -32 - -252. What is the greatest common factor of u and r?
20
Let b(d) = 4*d + 134. Let f(g) = 1. Let a(p) = b(p) + 3*f(p). Let j be a(-31). What is the highest common factor of j and 143?
13
Let t be -378*(-2 + (-7)/((-56)/12)). Let d = t + -97. What is the highest common factor of 138 and d?
46
Let j(u) = -5*u**2 + 7*u**2 + 11*u + 4 + u**3 + 11*u**2 - 5. Let r be j(-11). Suppose -12*w